ens digit of 238?
3
What is the units digit of 749?
9
What is the tens digit of 708?
0
What is the ten thousands digit of 21202?
2
What is the units digit of 3393?
3
What is the thousands digit of 20509?
0
What is the hundreds digit of 49425?
4
What is the hundreds digit of 6166?
1
What is the tens digit of 1142?
4
What is the ten thousands digit of 19412?
1
What is the ten thousands digit of 40552?
4
What is the tens digit of 3674?
7
What is the thousands digit of 64176?
4
What is the thousands digit of 15947?
5
What is the tens digit of 1571?
7
What is the hundreds digit of 128208?
2
What is the units digit of 910?
0
What is the hundreds digit of 1108?
1
What is the hundreds digit of 4863?
8
What is the units digit of 2119?
9
What is the hundreds digit of 404?
4
What is the hundreds digit of 531?
5
What is the units digit of 5412?
2
What is the units digit of 4683?
3
What is the tens digit of 1621?
2
What is the thousands digit of 1725?
1
What is the tens digit of 12047?
4
What is the thousands digit of 1645?
1
What is the thousands digit of 114977?
4
What is the hundreds digit of 18449?
4
What is the units digit of 933?
3
What is the thousands digit of 2889?
2
What is the tens digit of 724?
2
What is the hundreds digit of 1630?
6
What is the tens digit of 9139?
3
What is the thousands digit of 8603?
8
What is the tens digit of 228?
2
What is the hundreds digit of 11299?
2
What is the hundreds digit of 147164?
1
What is the ten thousands digit of 43385?
4
What is the units digit of 3621?
1
What is the units digit of 2622?
2
What is the tens digit of 3118?
1
What is the thousands digit of 33789?
3
What is the hundreds digit of 8581?
5
What is the thousands digit of 1697?
1
What is the hundreds digit of 797?
7
What is the units digit of 1?
1
What is the units digit of 6737?
7
What is the tens digit of 134792?
9
What is the units digit of 8895?
5
What is the units digit of 3903?
3
What is the units digit of 4302?
2
What is the units digit of 6111?
1
What is the thousands digit of 1108?
1
What is the tens digit of 732?
3
What is the ten thousands digit of 28631?
2
What is the units digit of 4179?
9
What is the tens digit of 220?
2
What is the tens digit of 11111?
1
What is the units digit of 81590?
0
What is the tens digit of 36?
3
What is the units digit of 2446?
6
What is the ten thousands digit of 42561?
4
What is the units digit of 3216?
6
What is the units digit of 3511?
1
What is the units digit of 7605?
5
What is the tens digit of 8260?
6
What is the thousands digit of 14693?
4
What is the hundreds digit of 15614?
6
What is the units digit of 7180?
0
What is the thousands digit of 9200?
9
What is the hundreds digit of 1889?
8
What is the thousands digit of 1460?
1
What is the hundreds digit of 11586?
5
What is the thousands digit of 1122?
1
What is the ten thousands digit of 13823?
1
What is the hundreds digit of 190?
1
What is the tens digit of 2097?
9
What is the hundreds digit of 5520?
5
What is the thousands digit of 1055?
1
What is the tens digit of 21225?
2
What is the ten thousands digit of 13051?
1
What is the hundred thousands digit of 108818?
1
What is the tens digit of 1192?
9
What is the tens digit of 11000?
0
What is the units digit of 1060?
0
What is the tens digit of 701?
0
What is the tens digit of 207?
0
What is the units digit of 788?
8
What is the thousands digit of 3247?
3
What is the hundreds digit of 133?
1
What is the units digit of 32547?
7
What is the hundreds digit of 14726?
7
What is the hundreds digit of 2404?
4
What is the tens digit of 27393?
9
What is the thousands digit of 3372?
3
What is the thousands digit of 149231?
9
What is the units digit of 10471?
1
What is the tens digit of 2754?
5
What is the tens digit of 3162?
6
What is the thousands digit of 19388?
9
What is the hundreds digit of 1895?
8
What is the tens digit of 1231?
3
What is the thousands digit of 4375?
4
What is the hundreds digit of 1117?
1
What is the hundreds digit of 352?
3
What is the hundreds digit of 5107?
1
What is the hundreds digit of 1326?
3
What is the tens digit of 689?
8
What is the thousands digit of 56525?
6
What is the units digit of 374?
4
What is the tens digit of 9946?
4
What is the hundreds digit of 3708?
7
What is the hundreds digit of 111900?
9
What is the thousands digit of 49942?
9
What is the hundreds digit of 548?
5
What is the tens digit of 100?
0
What is the ten thousands digit of 172131?
7
What is the hundreds digit of 530?
5
What is the hundreds digit of 2326?
3
What is the thousands digit of 12977?
2
What is the ten thousands digit of 13246?
1
What is the hundreds digit of 131?
1
What is the units digit of 364?
4
What is the tens digit of 1041?
4
What is the units digit of 52?
2
What is the tens digit of 18922?
2
What is the tens digit of 147474?
7
What is the hundreds digit of 2423?
4
What is the ten thousands digit of 61700?
6
What is the thousands digit of 4586?
4
What is the thousands digit of 5903?
5
What is the units digit of 65270?
0
What is the hundreds digit of 1167?
1
What is the tens digit of 3708?
0
What is the ten thousands digit of 44297?
4
What is the thousands digit of 4452?
4
What is the units digit of 122506?
6
What is the hundreds digit of 2507?
5
What is the units digit of 5379?
9
What is the units digit of 2942?
2
What is the tens digit of 581?
8
What is the thousands digit of 1700?
1
What is the tens digit of 7598?
9
What is the tens digit of 9858?
5
What is the hundreds digit of 40981?
9
What is the tens digit of 23108?
0
What is the hundreds digit of 5954?
9
What is the thousands digit of 24124?
4
What is the units digit of 100?
0
What is the tens digit of 774?
7
What is the tens digit of 51206?
0
What is the hundreds digit of 12208?
2
What is the hundreds digit of 81855?
8
What is the thousands digit of 77573?
7
What is the units digit of 841?
1
What is the hundreds digit of 2570?
5
What is the hundreds digit of 1211?
2
What is the tens digit of 634?
3
What is the thousands digit of 31082?
1
What is the tens digit of 44521?
2
What is the hundreds digit of 6374?
3
What is the hundreds digit of 8487?
4
What is the tens digit of 52?
5
What is the units digit of 4328?
8
What is the hundreds digit of 2536?
5
What is the units digit of 493?
3
What is the thousands digit of 2735?
2
What is the tens digit of 14831?
3
What is the hundreds digit of 787?
7
What is the tens digit of 109303?
0
What is the thousands digit of 101451?
1
What is the hundreds digit of 19733?
7
What is the units digit of 2761?
1
What is the thousands digit of 5877?
5
What is the units digit of 12073?
3
What is the units digit of 654?
4
What is the thousands digit of 28009?
8
What is the hundreds digit of 1697?
6
What is the tens digit of 10783?
8
What is the tens digit of 1920?
2
What is the hundreds digit of 598?
5
What is the hundreds digit of 2683?
6
What is the ten thousands digit of 176581?
7
What is the units digit of 7714?
4
What is the thousands digit of 8427?
8
What is the hundreds digit of 4876?
8
What is the tens digit of 1348?
4
What is the tens digit of 1951?
5
What is the units digit of 18585?
5
What is the units digit of 15039?
9
What is the hundred thousands digit of 106226?
1
What is the thousands digit of 18335?
8
What is the units digit of 9483?
3
What is the thousands digit of 64473?
4
What is the units digit of 17606?
6
What is the hundreds digit of 3849?
8
What is the thousands digit of 20513?
0
What is the thousands digit of 106860?
6
What is the thousands digit of 123850?
3
What is the hundreds digit of 750?
7
What is the thousands digit of 2180?
2
What is the tens digit of 242?
4
What is the hundreds digit of 28516?
5
What is the units digit of 2538?
8
What is the thousands digit of 7153?
7
What is the hundreds digit of 8403?
4
What is the hundreds digit of 1201?
2
What is the thousands digit of 1391?
1
What is the hundreds digit of 55134?
1
What is the tens digit of 1356?
5
What is the units digit of 3547?
7
What is the thousands digit of 9692?
9
What is the thousands digit of 2092?
2
What is the thousands digit of 43422?
3
What is the tens digit of 88?
8
What is the units digit of 6273?
3
What is the tens digit of 833?
3
What is the hundreds digit of 1356?
3
What is the thousands digit of